{"id":82,"date":"2018-01-09T05:45:04","date_gmt":"2018-01-09T05:45:04","guid":{"rendered":"https:\/\/demo.axlethemes.com\/education-mind-pro\/?page_id=82"},"modified":"2018-05-30T17:34:52","modified_gmt":"2018-05-30T17:34:52","slug":"introduction","status":"publish","type":"page","link":"https:\/\/favf.mx\/web\/introduction\/","title":{"rendered":"La Favf"},"content":{"rendered":"<p>En nuestra entidad es indispensable la formaci\u00f3n de profesionales en el \u00e1rea agropecuaria debido a que \u00e9sta es una de las principales actividades econ\u00f3micas de la regi\u00f3n. La Escuela Superior de Agricultura fue fundada en 1961 en la ciudad de Culiac\u00e1n, como respuesta a la necesidad de formar cuadros altamente capacitados que coadyuvaran en el desarrollo agr\u00edcola del estado y del pa\u00eds. Originalmente el programa acad\u00e9mico de esta escuela fue estructurado para ofrecer la carrera de Agronom\u00eda a nivel subprofesional, siendo hasta 1966 cuando se logra ofrecer la Especialidad en Administraci\u00f3n Agr\u00edcola a nivel licenciatura. Durante 1969-1970 se crearon las especialidades de Zootecnia, Parasitolog\u00eda, Edafolog\u00eda y Fitotecnia, y en octubre de 1981 se establece la de Irrigaci\u00f3n; todo ello en respuesta a los requerimientos del campo sinaloense y como un avance m\u00e1s en el cumplimiento de las responsabilidades de ense\u00f1anza e investigaci\u00f3n. Como producto del crecimiento de su poblaci\u00f3n estudiantil, en 1976 se decidi\u00f3 la descentralizaci\u00f3n del plantel para evitar la concentraci\u00f3n de la matr\u00edcula y ofrecer a los estudiantes del norte del estado la oportunidad de estudiar en su regi\u00f3n los conocimientos de agronom\u00eda, evit\u00e1ndoles desplazarse a la capital del estado. En este contexto, por razones de mayor demanda y posibilidades del potencial agr\u00edcola zonal, se cre\u00f3 una extensi\u00f3n en Juan Jos\u00e9 R\u00edos, misma que inici\u00f3 sus actividades el 5 de septiembre de 1976. Sin embargo, es hasta el ciclo escolar 1978-1979 cuando se convierte en escuela, con estructura y direcci\u00f3n propias, otorg\u00e1ndosele el nombre de <strong>Escuela Superior de Agricultura del Valle del Fuerte<\/strong>. En 1992, las dos escuelas, preocupadas por los cambios econ\u00f3micos, adecuaron sus estructuras curriculares a los requerimientos demandados por su entorno social. Cabe destacar que ambas escuelas desarrollan s\u00f3lidos y significativos programas de investigaci\u00f3n y posgrado.<\/p>\n","protected":false},"excerpt":{"rendered":"<p>En nuestra entidad es indispensable la formaci\u00f3n de profesionales en el \u00e1rea agropecuaria debido a que \u00e9sta es una de las principales actividades econ\u00f3micas de la regi\u00f3n. La Escuela Superior de Agricultura fue fundada en 1961 en la ciudad de&hellip;&nbsp;<a href=\"https:\/\/favf.mx\/web\/introduction\/\" class=\"more-link\">Read More<\/a><\/p>\n","protected":false},"author":2,"featured_media":0,"parent":0,"menu_order":0,"comment_status":"closed","ping_status":"closed","template":"templates\/full-width.php","meta":{"_bbp_topic_count":0,"_bbp_reply_count":0,"_bbp_total_topic_count":0,"_bbp_total_reply_count":0,"_bbp_voice_count":0,"_bbp_anonymous_reply_count":0,"_bbp_topic_count_hidden":0,"_bbp_reply_count_hidden":0,"_bbp_forum_subforum_count":0,"footnotes":""},"class_list":["post-82","page","type-page","status-publish","hentry"],"_links":{"self":[{"href":"https:\/\/favf.mx\/web\/wp-json\/wp\/v2\/pages\/82","targetHints":{"allow":["GET"]}}],"collection":[{"href":"https:\/\/favf.mx\/web\/wp-json\/wp\/v2\/pages"}],"about":[{"href":"https:\/\/favf.mx\/web\/wp-json\/wp\/v2\/types\/page"}],"author":[{"embeddable":true,"href":"https:\/\/favf.mx\/web\/wp-json\/wp\/v2\/users\/2"}],"replies":[{"embeddable":true,"href":"https:\/\/favf.mx\/web\/wp-json\/wp\/v2\/comments?post=82"}],"version-history":[{"count":7,"href":"https:\/\/favf.mx\/web\/wp-json\/wp\/v2\/pages\/82\/revisions"}],"predecessor-version":[{"id":1195,"href":"https:\/\/favf.mx\/web\/wp-json\/wp\/v2\/pages\/82\/revisions\/1195"}],"wp:attachment":[{"href":"https:\/\/favf.mx\/web\/wp-json\/wp\/v2\/media?parent=82"}],"curies":[{"name":"wp","href":"https:\/\/api.w.org\/{rel}","templated":true}]}}