{"id":4411,"date":"2025-04-29T18:14:03","date_gmt":"2025-04-29T18:14:03","guid":{"rendered":"http:\/\/favf.mx\/web\/?page_id=4411"},"modified":"2025-04-29T18:14:04","modified_gmt":"2025-04-29T18:14:04","slug":"objetivos-especificos-agrobiotecnologia","status":"publish","type":"page","link":"http:\/\/favf.mx\/web\/objetivos-especificos-agrobiotecnologia\/","title":{"rendered":"Objetivos espec\u00edficos para el Plan de Desarrollo del Programa Educativo"},"content":{"rendered":"\n<p>Objetivos espec\u00edficos para el Plan de Desarrollo del Programa Educativo de Licenciatura en Ingenier\u00eda en Agrobiotecnolog\u00eda.<strong><\/strong><\/p>\n\n\n\n<p>La funci\u00f3n acad\u00e9mica de la UAS, espec\u00edficas para el Programa Educativo considera como objetivos el:<\/p>\n\n\n\n<ol style=\"list-style-type:lower-alpha\" class=\"wp-block-list\">\n<li>Producir, transmitir y divulgar conocimientos, valores y cultura, tanto de car\u00e1cter general como los pertinentes a la realidad regional;<\/li>\n\n\n\n<li>Coordinarse lo necesario con el resto de las IES p\u00fablicas y privadas a nivel regional, nacional e internacional, atendiendo las peculiaridades geogr\u00e1ficas, demogr\u00e1ficas y productivas del estado y dem\u00e1s entidades de la regi\u00f3n;<\/li>\n\n\n\n<li>Formar profesionales de alta calidad, que hagan del pensar y del hacer una unidad;<\/li>\n\n\n\n<li>Generar, transmitir y difundir nuevos conocimientos en el campo de la ciencia y la tecnolog\u00eda; y<\/li>\n\n\n\n<li>Propiciar desarrollos culturales y condiciones de permanente autoevaluaci\u00f3n y mejoramiento para la profesi\u00f3n y para la instituci\u00f3n.<\/li>\n<\/ol>\n","protected":false},"excerpt":{"rendered":"<p>Objetivos espec\u00edficos para el Plan de Desarrollo del Programa Educativo de Licenciatura en Ingenier\u00eda en Agrobiotecnolog\u00eda. La funci\u00f3n acad\u00e9mica de la UAS, espec\u00edficas para el Programa Educativo considera como objetivos el:<\/p>\n","protected":false},"author":2,"featured_media":0,"parent":0,"menu_order":0,"comment_status":"closed","ping_status":"closed","template":"","meta":{"_bbp_topic_count":0,"_bbp_reply_count":0,"_bbp_total_topic_count":0,"_bbp_total_reply_count":0,"_bbp_voice_count":0,"_bbp_anonymous_reply_count":0,"_bbp_topic_count_hidden":0,"_bbp_reply_count_hidden":0,"_bbp_forum_subforum_count":0,"footnotes":""},"class_list":["post-4411","page","type-page","status-publish","hentry"],"_links":{"self":[{"href":"http:\/\/favf.mx\/web\/wp-json\/wp\/v2\/pages\/4411","targetHints":{"allow":["GET"]}}],"collection":[{"href":"http:\/\/favf.mx\/web\/wp-json\/wp\/v2\/pages"}],"about":[{"href":"http:\/\/favf.mx\/web\/wp-json\/wp\/v2\/types\/page"}],"author":[{"embeddable":true,"href":"http:\/\/favf.mx\/web\/wp-json\/wp\/v2\/users\/2"}],"replies":[{"embeddable":true,"href":"http:\/\/favf.mx\/web\/wp-json\/wp\/v2\/comments?post=4411"}],"version-history":[{"count":1,"href":"http:\/\/favf.mx\/web\/wp-json\/wp\/v2\/pages\/4411\/revisions"}],"predecessor-version":[{"id":4412,"href":"http:\/\/favf.mx\/web\/wp-json\/wp\/v2\/pages\/4411\/revisions\/4412"}],"wp:attachment":[{"href":"http:\/\/favf.mx\/web\/wp-json\/wp\/v2\/media?parent=4411"}],"curies":[{"name":"wp","href":"https:\/\/api.w.org\/{rel}","templated":true}]}}